 = -t. Is d a composite number?
False
Suppose 0*n = -y + 2*n + 10, 3*y + 5*n + 3 = 0. Suppose 4*h = y*k + k - 6, k + 2 = 0. Is 1/((h + 6)/652) a composite number?
True
Suppose 2*n + 3*v = 48794, -5*n - 36*v + 34*v + 122007 = 0. Is n a composite number?
True
Let r(t) = 38 + 343*t - 24 + 417*t + 84. Is r(11) a composite number?
True
Let g(h) be the second derivative of -h**3/6 - 5*h**2 + 4*h. Let s be g(-11). Suppose 0 = d - s, 0*d + 129 = i - 2*d. Is i composite?
False
Suppose 102 + 36 = -23*q. Is 237/((-270)/(-252) + q/(-14)) a prime number?
False
Let z = 12844 + 8857. Is z a composite number?
False
Suppose 0 = 2*s + 3*g - 9003, g + 4504 = -9*s + 10*s. Let v = -1870 + s. Is v a composite number?
False
Let w be 8/(-36) - 82252/36. Let h = w - -3908. Is h a prime number?
False
Suppose 3*t + 4*l + 11 - 38 = 0, -2*l + 11 = t. Suppose 4*s - 32888 = -2*a, 0 = -6*s + 2*s + t*a + 32874. Is s prime?
True
Suppose t = -2*z + 11333, 1236*t - z = 1237*t - 11337. Is t a composite number?
True
Suppose -7*p = 162 + 167. Let w = 47 + p. Suppose -5*c - 4*g + 1451 = -536, w = 5*g - 15. Is c prime?
False
Is -3 + (-1198463)/(-2) - (-20 + (-385)/(-22)) a prime number?
True
Is 149/(0 - (-2 - (-73)/37)) a prime number?
False
Is (2 - 1/3)/((-428)/(-41500164)) a composite number?
True
Let m(l) = -45*l - 4. Suppose -5*y + 3 = -3*d - 2*y, 0 = 2*y - 8. Let r be m(d). Let j = r + 485. Is j prime?
False
Let z = 5248 - 132343. Let o be z/(-9) - (-2)/(-3). Is (o/7)/3 - (-36)/63 a prime number?
True
Let l be (-1)/1 + 11655/5. Let x = -103 + 107. Suppose -x*t + l = -5*s + 2*s, -1737 = -3*t - 3*s. Is t a prime number?
False
Let h(r) = 789*r**2 + 5*r + 17. Let y(s) = 395*s**2 + 3*s + 8. Let i(j) = -6*h(j) + 13*y(j). Let x be i(4). Let z = -3155 + x. Is z composite?
False
Suppose 5*c = -25, -y + 5*c + 197978 = 15362. Is y a prime number?
False
Let i(w) = 26*w**3 - 5*w**2 + 45*w - 46. Is i(8) composite?
True
Let u = -175069 + 366276. Is u a composite number?
True
Suppose -s = 123 - 162. Is (s - 37)*(-1733)/(-2) composite?
False
Let y = -2 + 1. Let o be 660/14 + ((-3)/(-21))/y. Suppose 2*u + o = 5*x - 13, 0 = -5*x - 5*u + 95. Is x prime?
False
Let b = 35520 - 7397. Is b composite?
False
Suppose -3*p - 254 = -4*s, p + 99 = 5*s + 29. Is (11294/5)/((-3)/(p/12)) a prime number?
True
Suppose 27*g = -0*g + 854415. Is g prime?
False
Suppose -1 = -2*j - 11, -3*g + 421407 = 6*j. Is g composite?
True
Suppose m = 6 + 43. Let i(s) = -101*s**3 + s**2 - 4*s - 6. Let h be i(-1). Let p = h + m. Is p composite?
False
Suppose -10*p + 23*p = -19188. Let g = -625 - p. Is g prime?
False
Let h = -207 + 113. Let i = -92 - h. Is (151 - 10/i) + -5 a composite number?
True
Let h = -698 + 686. Is (0 - 23)/(3*h/10548) a prime number?
False
Suppose 4*i + 60 = -4*u + 24, 31 = -3*u + i. Suppose 357 = 6*r - 3*r. Let n = r + u. Is n prime?
True
Let t be (33364/95)/(4/(-30)). Let q = 3716 + t. Is q prime?
False
Suppose 0*f + 129 = -3*f. Let b = 105 - 58. Let a = f + b. Is a composite?
True
Suppose 6*q = 3*q - 24. Is 2*q/(64/(-6036)) - 2 prime?
False
Let z(r) = 17*r**2 - 23*r + 22. Let g be z(1). Let x(q) = 25*q**2 - 13*q - 61. Is x(g) a prime number?
True
Let n(o) = -44*o**3 + 29*o**2 - 31*o - 10. Let u(g) = -22*g**3 + 15*g**2 - 15*g - 5. Let v(l) = -4*n(l) + 7*u(l). Is v(3) a composite number?
False
Suppose -4*w = -2*m + 22, 3*m - 3*w - 25 = w. Suppose z + 24290 = 8*s - m*s, 24270 = 5*s - 5*z. Is s a composite number?
True
Let r = -584689 + 1013772. Is r a prime number?
True
Is ((-5138)/42)/(5/(-615)) a composite number?
True
Let q(o) = 235*o**2 - 45*o - 25. Let l be q(-10). Let p = l - 10804. Is p a composite number?
False
Let m be -3 - -72415*(-5)/(-5 - 0). Suppose -3*d - 14203 = -m. Is d a composite number?
False
Let l(c) = 13*c**2 - 2*c. Let s be l(4). Suppose -3*n + s = -4225. Suppose 128*p + n = 133*p. Is p a prime number?
False
Suppose 5*n = 47890 - 9050. Suppose 28*s + 4*g - 9731 = 23*s, -4*s + n = -g. Is s a prime number?
False
Suppose i - 1043 = 988. Let f = i - -4436. Is f a composite number?
True
Suppose -3*j - 49 + 55 = 0. Suppose -3*g + 3*o + o + 610 = 0, -j*g - 3*o = -384. Suppose -9*w - g = -1881. Is w a composite number?
True
Suppose -4*r - r = -55. Let d(c) = c**2 - 5*c - 8. Let i be d(r). Suppose a = -a - 2*y + i, 45 = a + 5*y. Is a composite?
True
Let j(f) = 8*f**2 + 103*f - 14. Is j(83) a prime number?
True
Let z(h) = -6*h**3 + 82*h**2 + 32*h - 9. Is z(-19) prime?
True
Let x(v) = -v**2 - 4*v + 28. Let q be x(3). Let b(t) = 11*t**3 - 7*t**2 - 2*t + 17. Is b(q) composite?
False
Suppose 3*q + 2*r = -261, -3*r + 4*r - 3 = 0. Let x = q + 173. Is (-14)/(x/22 - 4) a prime number?
False
Let p = 59515 - 38562. Is p a prime number?
False
Let m = 129545 + -8748. Is m prime?
False
Let z = 87 - 88. Let h be ((-7 + 7)/7)/(3 - z). Suppose -573 = -l - h*l + 4*f, 0 = 4*l + 3*f - 2197. Is l prime?
False
Is (-185)/74 + (-1021461)/(-6) a prime number?
False
Let u = 82931 + -54024. Is u a prime number?
False
Suppose -5*o + 3*s + 31608 = 9808, 4387 = o - 6*s. Is o a prime number?
True
Is 2*((-671420)/(-24) + 7 - (-8)/12) composite?
False
Suppose -u + 5*h = 0, -6 = 4*u - 5*u - h. Is (-8)/20 + 1057/u a composite number?
False
Let u(j) = 5*j**2 + 2*j - 5. Let r = -34 - -42. Suppose 5*w = -4*a + 29, a - r = -6*w + 4*w. Is u(a) a prime number?
False
Suppose b + 5*z + 818 = 4*z, -4*z = -2*b - 1666. Let h = b + 2922. Is h a composite number?
False
Suppose i = 2*h - 490767, 5*h - 2*i - 490768 = 3*h. Is h composite?
False
Suppose n + 3*n = 104. Let a(f) = -9*f**2 - 38*f + 38. Let p be a(-5). Suppose -p*w = t - n - 76, -5*t + 15 = 0. Is w composite?
True
Is -21 + -20 + 7 + 376001 a composite number?
False
Let a = -19805 - -29015. Suppose -3*y - 3*g - 1323 = -10551, -3*g - a = -3*y. Is y composite?
True
Let w(g) = 124*g**2 + 10*g + 41. Suppose -36 = -4*a - 2*t, -7*t + 9*t - 8 = 0. Is w(a) prime?
False
Suppose 0 = -4*o + 55 - 31. Suppose -4*j = o*j - 20. Suppose 0*r = 3*r - p - 1748, 0 = j*r - 2*p - 1164. Is r a composite number?
True
Is (33206*(-13)/78)/((-3)/117) a composite number?
True
Let m(v) = -v**3 + 10*v**2 - 10*v + 14. Let q be 30/12*(-54)/(-15). Let a be m(q). Suppose -4*s + 5*s + 8004 = a*t, -5*t + 8006 = s. Is t a prime number?
True
Suppose -4*c - 59022 = -7*c + 3*b, -2*c - 17*b + 39329 = 0. Is c composite?
True
Let c(n) = 75128*n**2 - 15*n - 10. Is c(-1) a composite number?
False
Let g = -51021 - -96927. Suppose 0 = -4*c - x - 0*x + 36725, 0 = 5*c + x - g. Is c a prime number?
True
Let o = 1439170 + -681711. Is o prime?
False
Let z(w) = -w**3 + 8*w**2 + 5*w - 22. Let s be z(8). Suppose -3*o + s = 3*b, 4*b + b = 4*o - 6. Suppose 3*j = -3*t + 1188, -2*t - o*j - 244 = -1034. Is t prime?
True
Let i = -185 + 178. Let z(k) = 54*k**2 + 8*k - 9. Is z(i) prime?
False
Let w(m) be the first derivative of -71*m**5/40 + 23*m**4/24 - 5*m**3 + 9. Let n(s) be the third derivative of w(s). Is n(-10) prime?
True
Let t(y) = 2*y - 15. Let s be t(12). Let m = s + 15. Let w = 63 + m. Is w a prime number?
False
Let n(m) = 163*m + 177. Suppose -52*s = -59*s + 98. Is n(s) a composite number?
False
Is 21*((-5)/15 + (-15370)/(-6) - 5) prime?
False
Let l = 140 + -133. Suppose -l*p + 16135 = 5222. Is p a composite number?
False
Suppose -6*d - 91 = -37. Is (-2069)/(-3) + 5 + (-3)/d prime?
False
Let p(z) be the third derivative of 17*z**7/504 - z**6/720 + 17*z**5/120 - 17*z**4/24 + 38*z**2. Let n(i) be the second derivative of p(i). Is n(4) prime?
True
Suppose -2*k + 8888 = -3*u + 4*u, 2*u - 17777 = -3*k. Suppose 2*j - 2*p - 9552 = 0, u = 4*j + 5*p - 10169. Is j a prime number?
False
Let o(r) = r**3 - 5*r**2 - 8*r + 10. Let v be o(6). Let h be v + (-2)/((-2)/3). Is h*(-4)/4*(-2651 - 2) a composite number?
True
Suppose -16 = -12*c + 8*c. Suppose -4*f = c*p + 10 + 6, 0 = 5*f + p + 4. Suppose -7*g + g + 5730 = f. Is g prime?
False
Let t be 7952/(-6) - (-34)/102. Let s = 11544 + t. Is s composite?
True
Let v(c) be the second derivative of 7*c**4/4 - c**3/3 + 3*c**2/2 - 16*c. Let a be ((-240)/(-56) - 4/14)*1. Is v(a) a composite number?
False
Let x = -186 + 177. Is 3*(-6 - 6351/x) composite?
False
Is -21*(121796/(-6))/(104/52) a composite number?
True
Let f(k) = -11*k**3 - 3*k**2 + k - 1. Let z be f(2). Let p = 185 + z. Let l = 11 + p. Is l a c